119 prime?
True
Is 11841421 composite?
False
Is 10833341 composite?
True
Is 4049707 prime?
True
Is 2549419 composite?
True
Is 6002357 prime?
True
Is 73153931 composite?
False
Is 33600271 prime?
True
Is 9770935 a composite number?
True
Is 10661813 a composite number?
False
Is 69557053 composite?
False
Is 12263989 a prime number?
False
Is 9552701 composite?
False
Is 179359 prime?
False
Is 28206385 a prime number?
False
Is 60169799 prime?
True
Is 1417153 composite?
True
Is 1453847 prime?
True
Is 836413 composite?
False
Is 2120237 prime?
False
Is 296731667 composite?
True
Is 8809613 prime?
True
Is 163304851 a composite number?
False
Is 5681693 a composite number?
False
Is 192921823 prime?
True
Is 27942229 a prime number?
False
Is 3205751 prime?
True
Is 720509 a composite number?
True
Is 101690821 composite?
True
Is 1941721 a prime number?
True
Is 37316441 a composite number?
False
Is 136673 a composite number?
True
Is 110183059 composite?
True
Is 3280999 a composite number?
True
Is 29376691 a composite number?
True
Is 11800769 a composite number?
True
Is 33204839 a composite number?
False
Is 6324727 a composite number?
True
Is 1325693 composite?
False
Is 82956439 a prime number?
True
Is 69764819 a prime number?
False
Is 632029 a prime number?
True
Is 12924971 prime?
True
Is 14435333 a prime number?
False
Is 2764379 a prime number?
False
Is 300067751 prime?
True
Is 63896062 a prime number?
False
Is 18698263 a prime number?
True
Is 172183307 a composite number?
True
Is 39501743 a prime number?
True
Is 16397699 composite?
False
Is 1996295443 a prime number?
True
Is 191877151 a prime number?
True
Is 206879 a prime number?
True
Is 2230691 prime?
True
Is 3526339 prime?
False
Is 225676117 prime?
False
Is 213795341 prime?
True
Is 1471879 a composite number?
False
Is 3642819 a prime number?
False
Is 4232507 a composite number?
True
Is 21752999 a composite number?
False
Is 901553 a composite number?
True
Is 56084627 composite?
False
Is 25529081 a prime number?
True
Is 51814621 a prime number?
True
Is 28439479 a prime number?
False
Is 2402239 a composite number?
True
Is 223802081 composite?
False
Is 23282671 a composite number?
False
Is 19383379 composite?
False
Is 152866831 a prime number?
False
Is 325594249 composite?
False
Is 5607779 a composite number?
False
Is 326087087 composite?
False
Is 4269659 prime?
False
Is 352246 a prime number?
False
Is 88895218 a prime number?
False
Is 2011642 a composite number?
True
Is 252869 composite?
False
Is 3659441 prime?
True
Is 23251313 a prime number?
True
Is 21127907 a composite number?
True
Is 320645417 a composite number?
False
Is 7754219 a composite number?
True
Is 1220567 composite?
True
Is 427019707 prime?
True
Is 174912247 a composite number?
False
Is 1050150251 a prime number?
False
Is 18873629 composite?
False
Is 26767511 a prime number?
True
Is 25636723 a prime number?
False
Is 77307199 a prime number?
False
Is 123962959 a composite number?
False
Is 9182471 a composite number?
True
Is 9413639 prime?
True
Is 11018747 prime?
True
Is 100746439 prime?
False
Is 84442 composite?
True
Is 52036645 a prime number?
False
Is 41115617 a composite number?
False
Is 10492523 prime?
False
Is 532719697 composite?
True
Is 1615073 prime?
True
Is 40203817 composite?
True
Is 13967053 prime?
True
Is 36288737 prime?
True
Is 21772433 a composite number?
False
Is 98744647 a composite number?
False
Is 1145231 prime?
False
Is 3729931 a composite number?
False
Is 37665911 a prime number?
True
Is 38933749 prime?
True
Is 8491969 composite?
False
Is 23765954 a prime number?
False
Is 21116155 composite?
True
Is 74337997 a composite number?
False
Is 5401829 composite?
False
Is 94749983 composite?
False
Is 415861 composite?
False
Is 85649977 prime?
False
Is 9525487 a composite number?
True
Is 4934047 prime?
True
Is 56636519 a prime number?
False
Is 5622923 prime?
False
Is 436184753 a composite number?
True
Is 13942639 a composite number?
False
Is 2335529 a composite number?
True
Is 7010537 a prime number?
True
Is 11611463 a composite number?
True
Is 1301273 prime?
True
Is 2857561 a prime number?
False
Is 4697401 composite?
True
Is 8969407 prime?
True
Is 176121397 a composite number?
True
Is 20185079 prime?
False
Is 3199915 prime?
False
Is 197052659 prime?
True
Is 38086913 prime?
False
Is 55858459 composite?
False
Is 1799701 a composite number?
False
Is 28986211 a prime number?
True
Is 927222337 composite?
False
Is 49295819 a composite number?
False
Is 41488777 a prime number?
False
Is 1932263 composite?
False
Is 3682361 a composite number?
False
Is 57418573 prime?
False
Is 2465123 a prime number?
True
Is 5816287 composite?
True
Is 156583727 prime?
True
Is 481787 composite?
False
Is 4698697 a composite number?
False
Is 670701341 a composite number?
False
Is 19916953 a composite number?
True
Is 203496145 a composite number?
True
Is 126986303 a prime number?
False
Is 35748941 prime?
True
Is 18956211 composite?
True
Is 1752307 a prime number?
True
Is 24251783 prime?
True
Is 2750555 composite?
True
Is 146191 prime?
True
Is 4291709 a composite number?
False
Is 34772539 composite?
True
Is 6034865 prime?
False
Is 34536313 prime?
False
Is 131290961 composite?
False
Is 109958299 composite?
True
Is 3607771 a composite number?
False
Is 13138277 composite?
True
Is 6215917 prime?
True
Is 115626209 a prime number?
False
Is 2657429 prime?
True
Is 798184857 a prime number?
False
Is 1261483 composite?
True
Is 5305999 a composite number?
False
Is 3991279 a prime number?
True
Is 744083 composite?
False
Is 1402807 a composite number?
True
Is 100922501 prime?
True
Is 446892899 a composite number?
False
Is 1787475119 prime?
True
Is 76323311 a composite number?
True
Is 2701459 composite?
False
Is 389123 prime?
False
Is 10880933 a composite number?
True
Is 9861301 prime?
True
Is 89266433 prime?
True
Is 10464511 a prime number?
False
Is 308008489 a prime number?
False
Is 27793091 prime?
False
Is 51418163 a prime number?
True
Is 40108654 a prime number?
False
Is 218232239 prime?
True
Is 23487671 prime?
False
Is 13873433 prime?
False
Is 515723 composite?
True
Is 384270749 composite?
False
Is 325678781 a prime number?
False
Is 678348817 a composite number?
False
Is 7315881 a prime number?
False
Is 454673 prime?
True
Is 56953091 prime?
False
Is 8728373 a prime number?
True
Is 18101557 a prime number?
True
Is 1289947 composite?
True
Is 4121965 prime?
False
Is 18979481 a composite number?
True
Is 33038629 a prime number?
False
Is 4788505 composite?
True
Is 12483923 composite?
False
Is 10177303 a prime number?
True
Is 31829 prime?
False
Is 247899 prime?
False
Is 54242021 prime?
True
Is 10709659 a prime number?
True
Is 12697391 a prime number?
False
Is 33114289 prime?
False
Is 1321589 a prime number?
True
Is 46625303 a prime number?
False
Is 7398977 composite?
True
Is 1373677 prime?
True
Is 147578773 a prime number?
False
Is 2922307 a composite number?
False
Is 101880049 a composite number?
False
Is 4306333 a prime number?
True
Is 215481353 prime?
False
Is 216929 a composite number?
True
Is 282715879 prime?
False
Is 113674939 prime?
False
Is 1623877 prime?
False
Is 296447 prime?
False
Is 27512123 prime?
False
Is 240398267 a composite number?
False
Is 286313 a prime number?
False
Is 3159089 composite?
False
Is 222789067 composite?
True
Is 89026793 a prime number?
True
Is 5436155 a composite number?
True
Is 176050609 a composite number?
True
Is 423121183 a prime number?
False
Is 707069 a composite number?
True
Is 421411577 composite?
False
Is 3822821 prime?
True
Is 79831481 a prime number?
False
Is 9628049 composite?
True
Is 173175623 composite?
False
Is 1965959 composite?
False
Is 433160183 composite?
False
Is 52147 a prime number?
True
Is 11420963 a prime number?
False
Is 346422074 a prime number?
False
Is 3696221 a composite number?
True
Is 6055705 prime?
False
Is 266411 a composite number?
False
Is 5361157 prime?
True
Is 317413 prime?
False
Is 8218963 a prime number?
False
Is 49194601 prime?
False
Is 2783123 a prime number?
False
Is 8623993 composite?
True
Is 3434069 a prime number?
True
Is 3708923 a composite number?
False
Is 1224317 composite?
True
Is 15879803 prime?
True
Is 266837797 composite?
True
Is 11775443 a composite number?
True
Is 319191331 a composite numb